 and 7.
7
Let s be (-14)/(6/((-6)/2)). Suppose -s*c - 157 + 290 = 0. Calculate the greatest common factor of 171 and c.
19
Let z = 2719 - 2704. Let l(d) be the first derivative of -d**3/3 + 7*d**2/2 - 5*d + 1. Let i be l(5). Calculate the greatest common factor of z and i.
5
Let c(y) = -235*y + 1500. Let u be c(6). Calculate the highest common factor of 870 and u.
30
Let v(t) = t + 383. Let j be v(-36). Let z be j - ((-5 - (-30)/5) + -2). What is the greatest common divisor of z and 12?
12
Let o be (6/(-14))/(-1) - (-27)/(-63). Suppose o = -3*z - 9, 0 = -3*t - 2*z + 205 - 25. What is the highest common divisor of t and 744?
62
Let g = -32451 + 32550. What is the greatest common divisor of 2664 and g?
9
Suppose 0 = k - 103*h + 99*h - 2246, -2*h - 6748 = -3*k. Calculate the greatest common factor of k and 108.
18
Suppose 73 = l + 17. Suppose -3*y + l = d, -140 = -3*d + 5*y - 0*y. Let o = 46 - 26. What is the highest common divisor of o and d?
10
Let c(r) = 72*r - 3564. Let g be c(53). What is the highest common divisor of 1428 and g?
84
Let j(t) = -2*t - 70. Let a be j(-36). Suppose -14*m + 2*y = -11*m - 378, 242 = a*m + 2*y. What is the highest common factor of m and 4?
4
Let a be 1084 - ((-4)/(-22) - (-2328)/264). What is the greatest common factor of 172 and a?
43
Suppose c = -2, -136 = 4*u + c + 226. Let z be ((-14)/(-6) + -1)*u/(-12). Let x be -6 + 1 + (z - -12). Calculate the greatest common factor of 85 and x.
17
Let g(f) = 2*f**2 + 98*f - 1015. Let y be g(-64). What is the highest common divisor of 65 and y?
5
Let k(u) = -6*u - 60. Let i be k(-10). Suppose i = -29*b - 4*b + 2673. What is the greatest common divisor of b and 567?
81
Suppose -5*o - 469 + 154 = -2870. Calculate the greatest common factor of o and 73.
73
Suppose 94*y - 17710 = -21*y. Calculate the highest common divisor of 28 and y.
14
Suppose 4*y - c = 922, -5*y + c = -284 - 869. Suppose y*u = 228*u + 39. Calculate the highest common divisor of u and 52.
13
Let c(t) = 127*t - 690. Let w be c(17). What is the greatest common divisor of w and 565?
113
Suppose -t = -3*w - 19, 29 = -3*w + 26. Calculate the greatest common divisor of t and 17.
1
Suppose -5097*i = -5081*i - 97152. Calculate the greatest common divisor of 176 and i.
88
Let n be (-6)/(-8) - (4 - (-143)/(-44)). Suppose v - 12*v + 198 = n. What is the highest common divisor of 90 and v?
18
Suppose 3376 = 53*c - 45*c. Suppose 0 = -26*j + 436 + c. Let q = 9 - -24. What is the greatest common factor of j and q?
33
Let i be -15*(88/(-5))/2. Let l = -189 + 424. Suppose -l = m - 247. Calculate the highest common divisor of i and m.
12
Let f be ((-1505)/(-63)*-21)/(2/(-6)). Calculate the highest common divisor of 86 and f.
43
Let d(f) = 3*f + 14. Let k(j) = -j + 2. Let a(m) = d(m) + 4*k(m). Let g be a(4). Calculate the highest common factor of 342 and g.
18
Let d = -164 - 4. Let f = -160 - d. Calculate the greatest common factor of 312 and f.
8
Let s be (-2 - 21/(-9))*27. Let i = 108 + -257. Let r = 212 + i. Calculate the highest common divisor of s and r.
9
Let s = 8294 - 8186. What is the greatest common factor of 26676 and s?
108
Suppose 2*b + 4*s - 532 = 0, s = -b - 0*b + 269. Suppose 0 = p - 7*j - 13, -13*p + 11*p = -5*j - 53. Calculate the highest common divisor of p and b.
34
Suppose -5*n + z = -584, 180*z = 4*n + 179*z - 468. What is the greatest common factor of 1363 and n?
29
Suppose 7799 = -6*u + 9*u - r, -2*r = 5*u - 13002. Let l be (-39)/21 + 2 + u/28. What is the highest common factor of 3 and l?
3
Let y(m) = 5*m**2 + 46*m + 63. Let c be y(-11). Calculate the greatest common factor of 12 and c.
6
Let j(z) = -275*z - 233. Let w be j(-3). Let b = 654 - w. Calculate the greatest common factor of 1550 and b.
62
Let r = 25 + -21. Suppose 4*o - 18 = 2*a - r*a, o - 2*a = 2. Suppose s + 0*k - 7 = -4*k, 0 = 5*s + o*k - 115. What is the highest common factor of s and 9?
9
Let c be 855/(-10)*(-24)/(-9). Let o = 436 + c. Calculate the highest common factor of o and 13.
13
Suppose b = 4*q - 85, q - 4*b - 15 - 25 = 0. Suppose -3939 = -q*d - 299. Calculate the greatest common factor of 26 and d.
26
Let v be (-10)/35 - (-1902)/42. Calculate the highest common divisor of 2061 and v.
9
Let o(f) = -f**2 + 2*f + 3. Let p be o(3). Let n = -12 - -17. Suppose -n*g + 10 = -p*g. What is the highest common divisor of 8 and g?
2
Suppose 3*g + 23 = x, 4*g + 5 = -x - 0*x. Suppose 8*s + 33 = x*s. Suppose 6*b - 3*t + 2 = 7*b, 4*b - 32 = -4*t. Calculate the highest common divisor of b and s.
11
Suppose 3*q = d - 110, -q - 2*q = -4*d + 404. Suppose -12 = -6*s + 156. What is the greatest common factor of s and d?
14
Let j(v) = -v**2 + 15*v + 77. Let g be j(21). Let b = g + 53. What is the greatest common divisor of 38 and b?
2
Let l be 2/4 - 214/(-4). Suppose -159 = -4*s + 3*s. Suppose 2*p = -15 + s. Calculate the highest common divisor of l and p.
18
Suppose i + 432 = 4*f, -4*i + 3*i + 540 = 5*f. What is the highest common factor of 156 and f?
12
Let g = -52 + 1. Let l be 5377/76 - (-3)/(-4). Let z = g + l. Calculate the highest common divisor of z and 76.
19
Suppose -2*a = -n - 4, 6*a = a - 3*n + 10. Suppose -25 = -5*r - 5*d, -r + 6*r - 4 = a*d. What is the highest common divisor of 22 and r?
2
Suppose -l = 5, 4*q + l = -0*l + 19. Suppose -2*p - 4*o + 128 = 0, -p + 134 - 42 = -2*o. Calculate the greatest common divisor of q and p.
6
Suppose -13*v + 32099 = 4129 - 16139. What is the highest common divisor of 234 and v?
117
Let u be (25/15 - 1)*780*20/8. What is the highest common divisor of u and 117?
13
Suppose h + 2*l = 52, 0 = 4*h + 4*l - 180 - 28. Let y = -27 + h. Let d be (-2)/4*(-29 + y). What is the greatest common divisor of d and 14?
2
Let h be (-96)/(-40)*(-5)/(-2). Let t be (4 - 0)*132/h. Let m(i) = i**3 - 12*i**2 + 8*i + 44. Let s be m(11). What is the greatest common divisor of s and t?
11
Let f = 15424 + -15329. What is the greatest common factor of f and 475?
95
Let j(w) = w**3 + 98*w**2 - 3*w + 845. Let v be j(-98). Calculate the highest common divisor of v and 268.
67
Let d be -5*(196/(-35) + 5). Let l be ((-35)/(-7)*-212)/((-3)/d). What is the greatest common divisor of 20 and l?
20
Suppose -22*o - 24*o + 34410 = -15*o. Calculate the greatest common factor of o and 111.
111
Suppose -31*p = -99*p + 37*p + 909447. Calculate the highest common factor of 231 and p.
231
Let n(o) = -5*o - 19. Let y be n(-12). Let t = y + -40. Let s = 20 - t. Calculate the greatest common factor of s and 19.
19
Let y = 118 - 111. Suppose -5*a + 15 = -3*f, 4*a + 11 = -2*f + 1. Suppose a*n - 4*n = -252. What is the greatest common divisor of n and y?
7
Let k = 3945 - 3681. Calculate the highest common factor of 8096 and k.
88
Let p(q) = 2*q**3 + 5*q**2 - 12*q + 30. Let t be p(-4). What is the highest common divisor of t and 3580?
10
Suppose 0 = -340*s + 373*s - 519483 - 830712. Calculate the highest common factor of s and 245.
245
Suppose -x - 14429 = -5*u, -5*u = -3*x + 6293 - 20720. Calculate the highest common factor of 312 and u.
78
Let i be (0 + 6)*(-2 + (-77)/(-33)). Calculate the greatest common factor of 113 and i.
1
Let s = -35392 - -35665. What is the highest common factor of s and 3783?
39
Let i(s) = -41*s + 81. Let l be i(11). Let j = -350 - l. Calculate the highest common factor of j and 10.
10
Let a(s) = 6*s + 127. Let h be a(-21). Suppose 0 = -m + 2 - h, 549 = 5*c - m. What is the greatest common divisor of c and 10?
10
Let x be (12/6)/((-18)/(-1827)). Let b = x + -198. What is the highest common factor of b and 35?
5
Let u = 14324 - 14254. What is the highest common divisor of u and 4424?
14
Let q be -3 - (3 + -152 + (-35)/5). What is the greatest common divisor of q and 36?
9
Let v be -2*(58/(-4) - -1). Let z be 14/(-63) - (-5649)/v. Suppose 19 = -s + 2*s. What is the greatest common divisor of z and s?
19
Let n = 9 + 18. Suppose 6 = -2*x - 5*r, 0 = -5*x - r - 60 + 22. Let i be 2*2/x + (-1785)/(-6). Calculate the highest common factor of n and i.
27
Suppose -2*y - 23 = -5*d, 0 = 3*y + 3 - 6. Suppose -35 = -5*g - 5*n, -8 = -3*g + d*n + 53. Calculate the highest common factor of 44 and g.
4
Suppose -714 + 738 = 6*f. Suppose 34*v - 38*v = f*y - 104, -y = -v + 34. Calculate the highest common factor of 80 and v.
10
Suppose 281 = -4*